{"id":17217,"date":"2025-01-30T08:02:31","date_gmt":"2025-01-30T08:02:31","guid":{"rendered":"https:\/\/be-one.ro\/cosmetics\/?post_type=product&#038;p=17217"},"modified":"2026-03-19T11:58:09","modified_gmt":"2026-03-19T11:58:09","slug":"martisor-stralucitor-ulei-pentru-corp-cu-particule-stralucitoare-3ml","status":"publish","type":"product","link":"https:\/\/be-one.ro\/cosmetics\/produs\/martisor-stralucitor-ulei-pentru-corp-cu-particule-stralucitoare-3ml\/","title":{"rendered":"Martisor Stralucitor &#8211; Ulei pentru corp cu particule stralucitoare &#8211; 3ml"},"content":{"rendered":"<p class=\"product-description-content\">Aromele sunt diferite si vin aleator, cocos, trandafiri, caramel sau vanilie M\u0103r\u021bi\u0219orul cap\u0103t\u0103 o nou\u0103 semn\u0103tur\u0103 \ud83c\udf80 \u2728 Anul acesta, m\u0103r\u021bi\u0219orul nu este doar un simbol, ci o experien\u021b\u0103.<\/p>\n<p class=\"product-description-content\">O colec\u021bie exclusiv\u0103 de m\u0103r\u021bi\u0219oare cosmetice, create pentru a fi d\u0103ruite cu elegan\u021b\u0103 \u0219i folosite cu pl\u0103cere.<\/p>\n<p class=\"product-description-content\">Texturi fine, ingrediente atent selec\u021bionate \u0219i un design care vorbe\u0219te despre grij\u0103, rafinament \u0219i feminitate.<\/p>\n<p class=\"product-description-content\">Un gest mic, dar memorabil.<\/p>\n<p class=\"product-description-content\">Un cadou care r\u0103m\u00e2ne.<\/p>\n<p class=\"product-description-content\">\ud83c\udf80 Primul model din colec\u021bia noastr\u0103 este un ulei cosmetic cu sclipici, delicat parfumat, creat pentru a oferi pielii str\u0103lucire subtil\u0103 \u0219i un moment de r\u0103sf\u0103\u021b autentic.<\/p>\n<p class=\"product-description-content\">Textur\u0103 m\u0103t\u0103soas\u0103, sclipici fin \u0219i arome elegante, atent alese \u2013 un echilibru perfect \u00eentre lux, feminitate \u0219i utilitate.<\/p>\n<p class=\"product-description-content\">Un m\u0103r\u021bi\u0219or care nu se poart\u0103 la piept, ci pe piele.<\/p>\n<p class=\"product-description-content\">Un detaliu care lumineaz\u0103 fiecare gest.<\/p>\n<p class=\"product-description-content\">\ud83c\udf38 Colec\u021bie limitat\u0103 de M\u0103r\u021bi\u0219or<\/p>\n","protected":false},"excerpt":{"rendered":"<p style=\"text-align: center;\"><strong>Ofer\u0103-\u021bi sau d\u0103ruie\u0219te un m\u0103r\u021bi\u0219or special, plin de str\u0103lucire \u0219i \u00eengrijire! <\/strong><\/p>\n<p style=\"text-align: center;\"><strong>Uleiul de corp cu particule str\u0103lucitoare de la BeOne Cosmetics este mai mult dec\u00e2t un cadou \u2013 este o experien\u021b\u0103 senzorial\u0103 unic\u0103, care \u00ee\u021bi r\u0103sfa\u021b\u0103 pielea \u0219i \u00eei ofer\u0103 un glow radiant.<\/strong><\/p>\n","protected":false},"featured_media":19015,"comment_status":"open","ping_status":"closed","template":"","meta":[],"product_brand":[],"product_cat":[175],"product_tag":[],"class_list":{"0":"post-17217","1":"product","2":"type-product","3":"status-publish","4":"has-post-thumbnail","6":"product_cat-martisoare","8":"first","9":"outofstock","10":"shipping-taxable","11":"purchasable","12":"product-type-simple"},"jetpack_sharing_enabled":true,"_links":{"self":[{"href":"https:\/\/be-one.ro\/cosmetics\/wp-json\/wp\/v2\/product\/17217","targetHints":{"allow":["GET"]}}],"collection":[{"href":"https:\/\/be-one.ro\/cosmetics\/wp-json\/wp\/v2\/product"}],"about":[{"href":"https:\/\/be-one.ro\/cosmetics\/wp-json\/wp\/v2\/types\/product"}],"replies":[{"embeddable":true,"href":"https:\/\/be-one.ro\/cosmetics\/wp-json\/wp\/v2\/comments?post=17217"}],"version-history":[{"count":3,"href":"https:\/\/be-one.ro\/cosmetics\/wp-json\/wp\/v2\/product\/17217\/revisions"}],"predecessor-version":[{"id":19019,"href":"https:\/\/be-one.ro\/cosmetics\/wp-json\/wp\/v2\/product\/17217\/revisions\/19019"}],"wp:featuredmedia":[{"embeddable":true,"href":"https:\/\/be-one.ro\/cosmetics\/wp-json\/wp\/v2\/media\/19015"}],"wp:attachment":[{"href":"https:\/\/be-one.ro\/cosmetics\/wp-json\/wp\/v2\/media?parent=17217"}],"wp:term":[{"taxonomy":"product_brand","embeddable":true,"href":"https:\/\/be-one.ro\/cosmetics\/wp-json\/wp\/v2\/product_brand?post=17217"},{"taxonomy":"product_cat","embeddable":true,"href":"https:\/\/be-one.ro\/cosmetics\/wp-json\/wp\/v2\/product_cat?post=17217"},{"taxonomy":"product_tag","embeddable":true,"href":"https:\/\/be-one.ro\/cosmetics\/wp-json\/wp\/v2\/product_tag?post=17217"}],"curies":[{"name":"wp","href":"https:\/\/api.w.org\/{rel}","templated":true}]}}