{"id":18623,"date":"2025-10-22T07:27:17","date_gmt":"2025-10-22T07:27:17","guid":{"rendered":"https:\/\/be-one.ro\/cosmetics\/?post_type=product&#038;p=18623"},"modified":"2026-05-08T10:04:05","modified_gmt":"2026-05-08T10:04:05","slug":"cutie-kraft-imprimata-festiv-cu-tag-si-sfoara-de-craciun-3-produse","status":"publish","type":"product","link":"https:\/\/be-one.ro\/cosmetics\/produs\/cutie-kraft-imprimata-festiv-cu-tag-si-sfoara-de-craciun-3-produse\/","title":{"rendered":"Cutie kraft imprimata festiv cu tag si sfoara de Craciun ~ 3 produse"},"content":{"rendered":"<p data-start=\"372\" data-end=\"654\">R\u0103sfa\u021b\u0103-te sau surprinde pe cineva drag cu aceast\u0103 <strong data-start=\"423\" data-end=\"454\">cutie cadou BeOne Cosmetics<\/strong>, ambalat\u0103 cu grij\u0103 \u00eentr-o <strong data-start=\"481\" data-end=\"505\">cutie kraft elegant\u0103<\/strong>, decorat\u0103 cu <strong data-start=\"519\" data-end=\"553\">panglic\u0103 \u0219i detalii de Cr\u0103ciun<\/strong>.<br data-start=\"554\" data-end=\"557\" \/>\u00cen interior se afl\u0103 trei produse naturale, create manual pentru un moment autentic de relaxare:<\/p>\n<ul data-start=\"656\" data-end=\"914\">\n<li data-start=\"656\" data-end=\"770\">\n<p data-start=\"658\" data-end=\"770\">o <strong data-start=\"660\" data-end=\"695\">sare de baie artizanal\u0103 de 100g<\/strong>, cu <strong data-start=\"700\" data-end=\"731\">arom\u0103 festiv\u0103 de s\u0103rb\u0103toare<\/strong>, ce relaxeaz\u0103 \u0219i parfumeaz\u0103 delicat,<\/p>\n<\/li>\n<li data-start=\"771\" data-end=\"843\">\n<p data-start=\"773\" data-end=\"843\">un <strong data-start=\"776\" data-end=\"793\">s\u0103pun natural<\/strong> realizat din uleiuri vegetale, bl\u00e2nd cu pielea,<\/p>\n<\/li>\n<li data-start=\"844\" data-end=\"914\">\n<p data-start=\"846\" data-end=\"914\">un <strong data-start=\"849\" data-end=\"866\">scrub de corp<\/strong> care las\u0103 pielea catifelat\u0103 \u0219i str\u0103lucitoare.<\/p>\n<\/li>\n<\/ul>\n<p data-start=\"916\" data-end=\"1083\" data-is-last-node=\"\" data-is-only-node=\"\">Fiecare cutie poate fi <strong data-start=\"942\" data-end=\"959\">personalizat\u0103<\/strong> cu aromele preferate din gama <strong data-start=\"992\" data-end=\"1011\">BeOne Cosmetics<\/strong>, pentru a crea un dar unic, 100% natural \u0219i plin de bucurie de Cr\u0103ciun.<\/p>\n","protected":false},"excerpt":{"rendered":"<p>O cutie cadou <strong data-start=\"44\" data-end=\"63\">BeOne Cosmetics<\/strong> \u00een ambalaj kraft festiv, decorat\u0103 cu <strong data-start=\"101\" data-end=\"135\">panglic\u0103 \u0219i accente de Cr\u0103ciun<\/strong>, ce con\u021bine trei produse artizanale: o <strong data-start=\"175\" data-end=\"216\">sare de baie de 100g cu arom\u0103 festiv\u0103<\/strong>, un <strong data-start=\"221\" data-end=\"238\">s\u0103pun natural<\/strong> \u0219i un <strong data-start=\"245\" data-end=\"262\">scrub de corp<\/strong> revigorant. Un cadou natural, elegant \u0219i plin de spiritul s\u0103rb\u0103torilor!<\/p>\n","protected":false},"featured_media":18674,"comment_status":"open","ping_status":"closed","template":"","meta":[],"product_brand":[],"product_cat":[75,194,85,86],"product_tag":[],"class_list":{"0":"post-18623","1":"product","2":"type-product","3":"status-publish","4":"has-post-thumbnail","6":"product_cat-acasa","7":"product_cat-christmas-shop-2","8":"product_cat-christmas-shop","9":"product_cat-christmas-shop-acasa","10":"pa_sortimentsapun-coffeewaterfall","11":"pa_sortimentsapun-dearjasmin","12":"pa_sortimentsapun-dreamgarden","13":"pa_sortimentsapun-dreamyseville","14":"pa_sortimentsapun-herblagoon","15":"pa_sortimentsapun-honeymeadow","16":"pa_sortimentsapun-ladyrose","17":"pa_sortimentsapun-lavenderbreeze","18":"pa_sortimentsapun-oceansalt","19":"pa_sortimentsapun-onyx","20":"pa_sortimentsapun-opiumscrub","21":"pa_sortimentsapun-redforest","22":"pa_sortimentsapun-sapunuri-solide","23":"pa_sortimentsapun-skysalt","24":"pa_sortimentsapun-snowwhite","25":"pa_sortimentsapun-spicywonderland","26":"pa_sortimentsapun-sweetblossom","28":"first","29":"outofstock","30":"shipping-taxable","31":"purchasable","32":"product-type-variable"},"jetpack_sharing_enabled":true,"_links":{"self":[{"href":"https:\/\/be-one.ro\/cosmetics\/wp-json\/wp\/v2\/product\/18623","targetHints":{"allow":["GET"]}}],"collection":[{"href":"https:\/\/be-one.ro\/cosmetics\/wp-json\/wp\/v2\/product"}],"about":[{"href":"https:\/\/be-one.ro\/cosmetics\/wp-json\/wp\/v2\/types\/product"}],"replies":[{"embeddable":true,"href":"https:\/\/be-one.ro\/cosmetics\/wp-json\/wp\/v2\/comments?post=18623"}],"version-history":[{"count":1,"href":"https:\/\/be-one.ro\/cosmetics\/wp-json\/wp\/v2\/product\/18623\/revisions"}],"predecessor-version":[{"id":18676,"href":"https:\/\/be-one.ro\/cosmetics\/wp-json\/wp\/v2\/product\/18623\/revisions\/18676"}],"wp:featuredmedia":[{"embeddable":true,"href":"https:\/\/be-one.ro\/cosmetics\/wp-json\/wp\/v2\/media\/18674"}],"wp:attachment":[{"href":"https:\/\/be-one.ro\/cosmetics\/wp-json\/wp\/v2\/media?parent=18623"}],"wp:term":[{"taxonomy":"product_brand","embeddable":true,"href":"https:\/\/be-one.ro\/cosmetics\/wp-json\/wp\/v2\/product_brand?post=18623"},{"taxonomy":"product_cat","embeddable":true,"href":"https:\/\/be-one.ro\/cosmetics\/wp-json\/wp\/v2\/product_cat?post=18623"},{"taxonomy":"product_tag","embeddable":true,"href":"https:\/\/be-one.ro\/cosmetics\/wp-json\/wp\/v2\/product_tag?post=18623"}],"curies":[{"name":"wp","href":"https:\/\/api.w.org\/{rel}","templated":true}]}}